{"id":8,"date":"2010-03-17T13:40:16","date_gmt":"2010-03-17T13:40:16","guid":{"rendered":"http:\/\/www.pausal.co.uk\/?p=8"},"modified":"2010-03-17T13:40:16","modified_gmt":"2010-03-17T13:40:16","slug":"the-memory-of-objects","status":"publish","type":"page","link":"https:\/\/pausal.co.uk\/index.php\/projects\/the-memory-of-objects\/","title":{"rendered":"la memoria de los objetos \/ the memory of objects"},"content":{"rendered":"\n<p>________<\/p>\n\n\n\n<h4 class=\"wp-block-heading\">Comenc\u00e9 este proyecto en 2004 pidi\u00e9ndole a gente cercana que me donaran por unos d\u00edas algun objeto que guardaran de una persona conocida que ya no estuviera viva y una fotograf\u00eda que conservaran de esa persona. Posteriormente combin\u00e9 ambos elementos digitalmente, dibujando un gesto de recuerdo de las vidas que hab\u00edan sido y que, a trav\u00e9s de im\u00e1genes y objetos, segu\u00edan de alguna forma existiendo en forma presente.<br>\u00bfPuede la fotograf\u00eda ayudar a llenar el vac\u00edo de la muerte? \u00bfBasta una fotograf\u00eda para recordar la existencia de alguien? \u00bfSon los objetos y las imagenes elementos clave para devolvernos la certeza de un pasado?<br>Quiz\u00e1s en la longevidad de los objetos y las im\u00e1genes encontremos la misma verdad: lo inanimado nunca perece. Despu\u00e9s de que nos hayamos ido es posible que partes de lo que \u00e9ramos sean guardadas por otros en un intento de intentar retener alg\u00fan fragmento.<\/h4>\n\n\n\n<h2 class=\"wp-block-heading\">\/<\/h2>\n\n\n\n<h4 class=\"wp-block-heading\">I started this project in 2004, asking close people to give me an object that once belonged to someone they had known and had passed and a photograph they kept of the person in cuestion. I later combined both elements, as a gesture of remembrance to the lives than had ended but, through images and objects, continued to be.<\/h4>\n\n\n\n<h4 class=\"wp-block-heading\">Can photography help fill the emptiness of death? Is a photograph enough to remember someone&#8217;s existence? Could objects and photographs be considered key elements in bringing us back the certainty of a past?<\/h4>\n\n\n\n<h4 class=\"wp-block-heading\">Perhaps in the longevity of objects and images we find the same painful truth: the inanimate cannot die. After we are gone, we might be remembered through small things, pieces of who we were will be kept by others in an attempt to hold on to the past.<\/h4>\n\n\n\n<hr class=\"wp-block-separator\"\/>\n\n\n\n<div class=\"wp-block-group\"><div class=\"wp-block-group__inner-container is-layout-flow wp-block-group-is-layout-flow\"><\/div><\/div>\n\n\n\n<figure class=\"wp-block-gallery columns-2 is-cropped wp-block-gallery-1 is-layout-flex wp-block-gallery-is-layout-flex\"><ul class=\"blocks-gallery-grid\"><li class=\"blocks-gallery-item\"><figure><img decoding=\"async\" src=\"http:\/\/www.pausal.co.uk\/wp-content\/uploads\/pictures\/memory01.jpg\" alt=\"\" data-id=\"40\" data-full-url=\"http:\/\/www.pausal.co.uk\/wp-content\/uploads\/pictures\/memory01.jpg\" data-link=\"http:\/\/www.pausal.co.uk\/projects\/the-memory-of-objects\/memory01\" class=\"wp-image-40\"\/><\/figure><\/li><li class=\"blocks-gallery-item\"><figure><img decoding=\"async\" src=\"http:\/\/www.pausal.co.uk\/wp-content\/uploads\/pictures\/memory06.jpg\" alt=\"\" data-id=\"45\" data-full-url=\"http:\/\/www.pausal.co.uk\/wp-content\/uploads\/pictures\/memory06.jpg\" data-link=\"http:\/\/www.pausal.co.uk\/projects\/the-memory-of-objects\/memory06\" class=\"wp-image-45\"\/><\/figure><\/li><li class=\"blocks-gallery-item\"><figure><img decoding=\"async\" src=\"http:\/\/www.pausal.co.uk\/wp-content\/uploads\/pictures\/memory04.jpg\" alt=\"\" data-id=\"43\" data-full-url=\"http:\/\/www.pausal.co.uk\/wp-content\/uploads\/pictures\/memory04.jpg\" data-link=\"http:\/\/www.pausal.co.uk\/projects\/the-memory-of-objects\/memory04\" class=\"wp-image-43\"\/><\/figure><\/li><li class=\"blocks-gallery-item\"><figure><img decoding=\"async\" src=\"http:\/\/www.pausal.co.uk\/wp-content\/uploads\/pictures\/memory02.jpg\" alt=\"\" data-id=\"41\" data-full-url=\"http:\/\/www.pausal.co.uk\/wp-content\/uploads\/pictures\/memory02.jpg\" data-link=\"http:\/\/www.pausal.co.uk\/projects\/the-memory-of-objects\/memory02\" class=\"wp-image-41\"\/><\/figure><\/li><li class=\"blocks-gallery-item\"><figure><img decoding=\"async\" src=\"http:\/\/www.pausal.co.uk\/wp-content\/uploads\/pictures\/memory03.jpg\" alt=\"\" data-id=\"42\" data-full-url=\"http:\/\/www.pausal.co.uk\/wp-content\/uploads\/pictures\/memory03.jpg\" data-link=\"http:\/\/www.pausal.co.uk\/projects\/the-memory-of-objects\/memory03\" class=\"wp-image-42\"\/><\/figure><\/li><li class=\"blocks-gallery-item\"><figure><img decoding=\"async\" src=\"http:\/\/www.pausal.co.uk\/wp-content\/uploads\/pictures\/memory05.jpg\" alt=\"\" data-id=\"44\" data-full-url=\"http:\/\/www.pausal.co.uk\/wp-content\/uploads\/pictures\/memory05.jpg\" data-link=\"http:\/\/www.pausal.co.uk\/projects\/the-memory-of-objects\/memory05\" class=\"wp-image-44\"\/><\/figure><\/li><\/ul><\/figure>\n","protected":false},"excerpt":{"rendered":"<p>Can photography fill the emptiness of death? Is a photograph enough to remember someone&#8217;s existence?<\/p>\n","protected":false},"author":1,"featured_media":0,"parent":10,"menu_order":0,"comment_status":"closed","ping_status":"closed","template":"full-width-page.php","meta":{"footnotes":""},"_links":{"self":[{"href":"https:\/\/pausal.co.uk\/index.php\/wp-json\/wp\/v2\/pages\/8"}],"collection":[{"href":"https:\/\/pausal.co.uk\/index.php\/wp-json\/wp\/v2\/pages"}],"about":[{"href":"https:\/\/pausal.co.uk\/index.php\/wp-json\/wp\/v2\/types\/page"}],"author":[{"embeddable":true,"href":"https:\/\/pausal.co.uk\/index.php\/wp-json\/wp\/v2\/users\/1"}],"replies":[{"embeddable":true,"href":"https:\/\/pausal.co.uk\/index.php\/wp-json\/wp\/v2\/comments?post=8"}],"version-history":[{"count":0,"href":"https:\/\/pausal.co.uk\/index.php\/wp-json\/wp\/v2\/pages\/8\/revisions"}],"up":[{"embeddable":true,"href":"https:\/\/pausal.co.uk\/index.php\/wp-json\/wp\/v2\/pages\/10"}],"wp:attachment":[{"href":"https:\/\/pausal.co.uk\/index.php\/wp-json\/wp\/v2\/media?parent=8"}],"curies":[{"name":"wp","href":"https:\/\/api.w.org\/{rel}","templated":true}]}}